{"id":5382,"date":"2025-01-19T15:36:26","date_gmt":"2025-01-19T15:36:26","guid":{"rendered":"https:\/\/society4mra.org\/?page_id=5382"},"modified":"2025-08-25T19:30:23","modified_gmt":"2025-08-25T19:30:23","slug":"smra-2025-annual-meeting","status":"publish","type":"page","link":"https:\/\/society4mra.org\/index.php\/smra-2025-annual-meeting\/","title":{"rendered":"SMRA 2025"},"content":{"rendered":"<p>[et_pb_section fb_built=&#8221;1&#8243; fullwidth=&#8221;on&#8221; _builder_version=&#8221;4.18.0&#8243; _module_preset=&#8221;default&#8221; width=&#8221;100%&#8221; min_height=&#8221;400px&#8221; height=&#8221;400px&#8221; locked=&#8221;off&#8221; global_colors_info=&#8221;{}&#8221;][et_pb_fullwidth_slider _builder_version=&#8221;4.23.1&#8243; _module_preset=&#8221;default&#8221; width=&#8221;100%&#8221; height=&#8221;400px&#8221; max_height=&#8221;400px&#8221; custom_padding=&#8221;0px||0px||false|false&#8221; auto=&#8221;on&#8221; global_colors_info=&#8221;{}&#8221;][et_pb_slide heading=&#8221;37th Annual International Meeting&#8221; image=&#8221;https:\/\/society4mra.org\/wp-content\/uploads\/2025\/01\/smra_2025_light.png&#8221; use_bg_overlay=&#8221;on&#8221; bg_overlay_color=&#8221;rgba(0,0,0,0.02)&#8221; admin_title=&#8221;parliament&#8221; _builder_version=&#8221;4.23.1&#8243; _module_preset=&#8221;default&#8221; header_level=&#8221;h2&#8243; header_font=&#8221;Roboto|700|||||||&#8221; header_text_align=&#8221;left&#8221; header_text_color=&#8221;#AF0505&#8243; body_font=&#8221;Roboto|700|||||||&#8221; body_text_align=&#8221;left&#8221; body_text_color=&#8221;#FFFFFF&#8221; body_font_size=&#8221;31px&#8221; body_letter_spacing=&#8221;1px&#8221; body_line_height=&#8221;1.6em&#8221; background_enable_color=&#8221;off&#8221; use_background_color_gradient=&#8221;on&#8221; background_color_gradient_stops=&#8221;#d1d1d1 0%|#0c0202 100%&#8221; background_image=&#8221;https:\/\/society4mra.org\/wp-content\/uploads\/2025\/01\/Budapest_photo_2.jpg&#8221; background_enable_image=&#8221;on&#8221; background_blend=&#8221;screen&#8221; text_orientation=&#8221;left&#8221; background_layout=&#8221;light&#8221; body_text_shadow_style=&#8221;preset1&#8243; body_text_shadow_blur_strength=&#8221;0.17em&#8221; body_text_shadow_color=&#8221;#000000&#8243; border_color_all_image=&#8221;#FFFFFF&#8221; text_shadow_style=&#8221;preset1&#8243; text_shadow_color=&#8221;#000000&#8243; global_colors_info=&#8221;{}&#8221; sticky_transition=&#8221;on&#8221;]<\/p>\n<p>August 21-24, 2025<br \/>Budapest, Hungary<br \/>&#8220;MRA Innovations Flowing through Time&#8221;<\/p>\n<p>[\/et_pb_slide][et_pb_slide heading=&#8221;37th Annual International Meeting&#8221; image=&#8221;https:\/\/society4mra.org\/wp-content\/uploads\/2025\/01\/smra_2025_light.png&#8221; use_bg_overlay=&#8221;on&#8221; bg_overlay_color=&#8221;rgba(0,0,0,0.02)&#8221; admin_title=&#8221;night&#8221; _builder_version=&#8221;4.23.1&#8243; _module_preset=&#8221;default&#8221; header_level=&#8221;h2&#8243; header_font=&#8221;Roboto|700|||||||&#8221; header_text_align=&#8221;left&#8221; header_text_color=&#8221;#af0505&#8243; body_font=&#8221;Roboto|700|||||||&#8221; body_text_align=&#8221;left&#8221; body_text_color=&#8221;#FFFFFF&#8221; body_font_size=&#8221;31px&#8221; body_letter_spacing=&#8221;1px&#8221; body_line_height=&#8221;1.6em&#8221; background_enable_color=&#8221;off&#8221; background_image=&#8221;https:\/\/society4mra.org\/wp-content\/uploads\/2025\/01\/Budapest_photo_0.jpg&#8221; background_enable_image=&#8221;on&#8221; text_orientation=&#8221;left&#8221; background_layout=&#8221;light&#8221; body_text_shadow_style=&#8221;preset1&#8243; body_text_shadow_blur_strength=&#8221;0.17em&#8221; body_text_shadow_color=&#8221;#000000&#8243; border_color_all_image=&#8221;#FFFFFF&#8221; text_shadow_style=&#8221;preset1&#8243; text_shadow_horizontal_length=&#8221;0.16em&#8221; text_shadow_vertical_length=&#8221;0.16em&#8221; text_shadow_blur_strength=&#8221;0.23em&#8221; text_shadow_color=&#8221;#000000&#8243; global_colors_info=&#8221;{}&#8221; sticky_transition=&#8221;on&#8221;]<\/p>\n<p>August 21-24, 2025<br \/>Budapest, Hungary<br \/>&#8220;MRA Innovations Flowing through Time&#8221;<\/p>\n<p>[\/et_pb_slide][et_pb_slide heading=&#8221;37th Annual International Meeting&#8221; image=&#8221;https:\/\/society4mra.org\/wp-content\/uploads\/2025\/01\/smra_2025_light.png&#8221; use_bg_overlay=&#8221;on&#8221; bg_overlay_color=&#8221;rgba(0,0,0,0.02)&#8221; admin_title=&#8221;day&#8221; _builder_version=&#8221;4.23.1&#8243; _module_preset=&#8221;default&#8221; header_level=&#8221;h2&#8243; header_font=&#8221;Roboto|700|||||||&#8221; header_text_align=&#8221;left&#8221; header_text_color=&#8221;#b50303&#8243; body_font=&#8221;Roboto|700|||||||&#8221; body_text_align=&#8221;left&#8221; body_text_color=&#8221;#FFFFFF&#8221; body_font_size=&#8221;31px&#8221; body_letter_spacing=&#8221;1px&#8221; body_line_height=&#8221;1.6em&#8221; background_enable_color=&#8221;off&#8221; background_image=&#8221;https:\/\/society4mra.org\/wp-content\/uploads\/2025\/01\/Budapest_photo_1.jpg&#8221; background_enable_image=&#8221;on&#8221; text_orientation=&#8221;left&#8221; background_layout=&#8221;light&#8221; body_text_shadow_style=&#8221;preset1&#8243; body_text_shadow_blur_strength=&#8221;0.17em&#8221; body_text_shadow_color=&#8221;#000000&#8243; border_color_all_image=&#8221;#FFFFFF&#8221; text_shadow_style=&#8221;preset1&#8243; text_shadow_color=&#8221;#000000&#8243; global_colors_info=&#8221;{}&#8221; sticky_transition=&#8221;on&#8221;]<\/p>\n<p>August 21-24, 2025<br \/>Budapest, Hungary<br \/>&#8220;MRA Innovations Flowing through Time&#8221;<\/p>\n<p>[\/et_pb_slide][\/et_pb_fullwidth_slider][\/et_pb_section][et_pb_section fb_built=&#8221;1&#8243; admin_label=&#8221;Our Services&#8221; _builder_version=&#8221;4.18.0&#8243; background_color=&#8221;rgba(221,221,221,0.6)&#8221; custom_margin=&#8221;0px||0px|0px|false|false&#8221; custom_padding=&#8221;0px|0px|100px|0px|false|false&#8221; bottom_divider_style=&#8221;wave2&#8243; bottom_divider_color=&#8221;#adadad&#8221; global_colors_info=&#8221;{}&#8221;][et_pb_row _builder_version=&#8221;4.18.0&#8243; _module_preset=&#8221;default&#8221; background_color=&#8221;RGBA(255,255,255,0)&#8221; global_colors_info=&#8221;{}&#8221;][et_pb_column type=&#8221;4_4&#8243; _builder_version=&#8221;4.18.0&#8243; _module_preset=&#8221;default&#8221; background_color=&#8221;#1F5351&#8243; global_colors_info=&#8221;{}&#8221;][et_pb_menu menu_id=&#8221;494&#8243; active_link_color=&#8221;#840B0B&#8221; _builder_version=&#8221;4.23.1&#8243; _module_preset=&#8221;default&#8221; menu_font=&#8221;|700|||||||&#8221; menu_text_color=&#8221;#1F5351&#8243; menu_font_size=&#8221;16px&#8221; background_color=&#8221;#DDDDDD&#8221; custom_padding=&#8221;5px|15px|5px|15px|true|true&#8221; global_colors_info=&#8221;{}&#8221;][\/et_pb_menu][\/et_pb_column][\/et_pb_row][et_pb_row _builder_version=&#8221;4.18.0&#8243; _module_preset=&#8221;default&#8221; min_height=&#8221;100px&#8221; custom_padding=&#8221;0px||0px||false|false&#8221; global_colors_info=&#8221;{}&#8221;][et_pb_column type=&#8221;4_4&#8243; _builder_version=&#8221;4.16&#8243; _module_preset=&#8221;default&#8221; global_colors_info=&#8221;{}&#8221;][et_pb_button button_url=&#8221;https:\/\/society4mra.org\/wp-content\/uploads\/2025\/08\/SMRA-2025-Brochure-Design.pdf&#8221; url_new_window=&#8221;on&#8221; button_text=&#8221;Click Here to View the 2025 Conference Brochure&#8221; button_alignment=&#8221;center&#8221; _builder_version=&#8221;4.23.1&#8243; _module_preset=&#8221;default&#8221; hover_enabled=&#8221;0&#8243; global_colors_info=&#8221;{}&#8221; sticky_enabled=&#8221;0&#8243;][\/et_pb_button][et_pb_button button_url=&#8221;https:\/\/society4mra.org\/wp-content\/uploads\/2025\/08\/SMRA-2025-Abstract-Book_4.pdf&#8221; url_new_window=&#8221;on&#8221; button_text=&#8221;Click Here to View the 2025 Abstract Book&#8221; button_alignment=&#8221;center&#8221; _builder_version=&#8221;4.23.1&#8243; _module_preset=&#8221;default&#8221; global_colors_info=&#8221;{}&#8221;][\/et_pb_button][et_pb_text _builder_version=&#8221;4.23.1&#8243; _module_preset=&#8221;default&#8221; text_font_size=&#8221;15px&#8221; min_height=&#8221;400.8px&#8221; custom_margin=&#8221;||0px|||&#8221; custom_padding=&#8221;20px||20px||false|false&#8221; global_colors_info=&#8221;{}&#8221;]<\/p>\n<h4><span style=\"font-size: 15px;color: #666666\">\u00a0<\/span><\/h4>\n<h4><span style=\"color: #800000\"><\/span><\/h4>\n<h3 style=\"text-align: center\"><strong><span style=\"color: #000000\">The Society for Magnetic Resonance Angiography<\/span><\/strong><\/h3>\n<h4 style=\"text-align: center\"><span style=\"color: #000000\"><span style=\"font-weight: 400\">is excited to announce the<\/span><\/span><\/h4>\n<h3 style=\"text-align: center\"><span style=\"color: #000000\">37th Annual SMRA Conference<span style=\"font-size: 15px\">,<\/span><\/span><\/h3>\n<h4 style=\"text-align: center\"><span style=\"color: #000000\"><span style=\"font-size: 15px\">which will be held in<\/span><\/span><\/h4>\n<h4 style=\"text-align: center\"><span style=\"color: #000000\">Budapest, Hungary from Thursday, August 21st to Sunday, August 24th 2025.<\/span><\/h4>\n<p>&nbsp;<\/p>\n<p><strong><span style=\"color: #000000\">Venue: Basic Medical Science Center (Elm\u00e9leti Orvostudom\u00e1nyi K\u00f6zpont, EOK) of Semmelweis University<\/span><\/strong><br \/><strong><span style=\"color: #000000\">Address:\u00a0 H-1094 Budapest, T\u0171zolt\u00f3 street 37-47.<\/span><\/strong><\/p>\n<p><span style=\"color: #000000\"><span style=\"font-weight: 400\">This year\u2019s theme, <\/span><b>\u201c<\/b><b><i>MRA Innovations Flowing Through Time\u201d<\/i><\/b><i><span style=\"font-weight: 400\">, <\/span><\/i><span style=\"font-weight: 400\">bridges past and future &#8211; highlighting cutting-edge advancements in MRA techniques and contrast media while set against the rich historical backdrop of Budapest and the Danube. As one of the leading medical institutions in the region, <\/span><b>Semmelweis University, Budapest<\/b><span style=\"font-weight: 400\">, proudly supports the scientific program.<\/span><\/span><\/p>\n<p><span style=\"font-weight: 400;color: #000000\">The SMRA 2025 program will continue integrating education with the latest research, fostering collaborations and the rapid clinical translation of innovations across diverse fields. The program offers value to both experts and newcomers, covering topics such as:<\/span><\/p>\n<ul>\n<li style=\"list-style-type: none\">\n<ul>\n<li style=\"list-style-type: none\">\n<ul>\n<li style=\"font-weight: 400\"><span style=\"font-weight: 400;color: #000000\">Advanced MRA applications (brain, heart, abdomen, extremities, pediatrics)<\/span><\/li>\n<li style=\"font-weight: 400\"><span style=\"font-weight: 400;color: #000000\">Low-field and ultrahigh-field MRI<\/span><\/li>\n<li style=\"font-weight: 400\"><span style=\"font-weight: 400;color: #000000\">Quantitative flow imaging, vessel wall and thrombus imaging<\/span><\/li>\n<li style=\"font-weight: 400\"><span style=\"font-weight: 400;color: #000000\">Interventional MRI<\/span><\/li>\n<li style=\"font-weight: 400\"><span style=\"font-weight: 400;color: #000000\">Contrast agents<\/span><\/li>\n<li style=\"font-weight: 400\"><span style=\"font-weight: 400;color: #000000\">Deep learning<\/span><\/li>\n<li style=\"font-weight: 400\"><span style=\"font-weight: 400;color: #000000\">Image reconstruction and processing<\/span><\/li>\n<li style=\"font-weight: 400\"><span style=\"font-weight: 400;color: #000000\">Preclinical and clinical study design<\/span><\/li>\n<\/ul>\n<\/li>\n<\/ul>\n<\/li>\n<\/ul>\n<p><span style=\"font-weight: 400;color: #000000\">If you have any questions, please reach out to smra.events@gmail.com for support.<\/span><\/p>\n<p><span style=\"font-weight: 400;color: #000000\">We will keep you informed as the program and logistics come together. Don\u2019t miss the opportunity to be part of SMRA 2025 &#8211; register and join us in Budapest this August for an exciting and inspiring meeting!<\/span><\/p>\n<p><span style=\"color: #000000\">\u00a0<\/span><\/p>\n<p><span style=\"color: #000000\"><b>Judit Cs\u0151re<\/b><\/span><\/p>\n<p><span style=\"font-weight: 400;color: #000000\">SMRA 2025 Scientific Chair<\/span><\/p>\n<p><span style=\"color: #000000\"><b>Jeremy Collins<\/b><\/span><\/p>\n<p><span style=\"font-weight: 400;color: #000000\">SMRA 2025 President<\/span><\/p>\n<p><strong><\/strong><\/p>\n<p><strong><\/strong><\/p>\n<p>[\/et_pb_text][\/et_pb_column][\/et_pb_row][\/et_pb_section]<\/p>\n","protected":false},"excerpt":{"rendered":"<p>August 21-24, 2025Budapest, Hungary&#8221;MRA Innovations Flowing through Time&#8221;August 21-24, 2025Budapest, Hungary&#8221;MRA Innovations Flowing through Time&#8221;August 21-24, 2025Budapest, Hungary&#8221;MRA Innovations Flowing through Time&#8221;\u00a0 The Society for Magnetic Resonance Angiography is excited to announce the 37th Annual SMRA Conference, which will be held in Budapest, Hungary from Thursday, August 21st to Sunday, August 24th 2025. &nbsp; Venue: [&hellip;]<\/p>\n","protected":false},"author":1,"featured_media":0,"parent":0,"menu_order":0,"comment_status":"closed","ping_status":"closed","template":"","meta":{"_et_pb_use_builder":"on","_et_pb_old_content":"","_et_gb_content_width":"","footnotes":""},"class_list":["post-5382","page","type-page","status-publish","hentry"],"_links":{"self":[{"href":"https:\/\/society4mra.org\/index.php\/wp-json\/wp\/v2\/pages\/5382","targetHints":{"allow":["GET"]}}],"collection":[{"href":"https:\/\/society4mra.org\/index.php\/wp-json\/wp\/v2\/pages"}],"about":[{"href":"https:\/\/society4mra.org\/index.php\/wp-json\/wp\/v2\/types\/page"}],"author":[{"embeddable":true,"href":"https:\/\/society4mra.org\/index.php\/wp-json\/wp\/v2\/users\/1"}],"replies":[{"embeddable":true,"href":"https:\/\/society4mra.org\/index.php\/wp-json\/wp\/v2\/comments?post=5382"}],"version-history":[{"count":22,"href":"https:\/\/society4mra.org\/index.php\/wp-json\/wp\/v2\/pages\/5382\/revisions"}],"predecessor-version":[{"id":5918,"href":"https:\/\/society4mra.org\/index.php\/wp-json\/wp\/v2\/pages\/5382\/revisions\/5918"}],"wp:attachment":[{"href":"https:\/\/society4mra.org\/index.php\/wp-json\/wp\/v2\/media?parent=5382"}],"curies":[{"name":"wp","href":"https:\/\/api.w.org\/{rel}","templated":true}]}}